{"id":3031,"date":"2024-07-08T18:48:02","date_gmt":"2024-07-08T18:48:02","guid":{"rendered":"https:\/\/cefampa.cl\/2020\/?page_id=3031"},"modified":"2024-07-08T18:48:03","modified_gmt":"2024-07-08T18:48:03","slug":"politicas-de-privacidad","status":"publish","type":"page","link":"https:\/\/cefampa.cl\/2020\/politicas-de-privacidad\/","title":{"rendered":"Pol\u00edticas de privacidad"},"content":{"rendered":"\n<p>Cefampa est\u00e1 comprometida con el respeto y la protecci\u00f3n de su privacidad. Cefampa, pretende que Ud. conozca nuestra pol\u00edtica y pr\u00e1cticas relacionadas con la privacidad, as\u00ed como de las opciones que tiene sobre la forma en que sus datos personales se recopilan en l\u00ednea y se utilizan, nosotros no tenemos esas pr\u00e1cticas. Se ha estructurado el sitio Web de forma que, en general, pueda visitarlo en la Web con distintos dispositivos, sin necesidad de identificarse o revelar informaci\u00f3n personal alguna. En caso de que requiera datos adicionales o informaci\u00f3n clasificadas de nuestros servicios educacionales, debe enviar un correo electr\u00f3nico a <a href=\"mailto:cefampa@fpj.cl\">cefampa@fpj.cl<\/a> \u00a0y proporcionarle a la empresa informaci\u00f3n personal, la cual ser\u00e1 confirmada por Cefampa.<\/p>\n\n\n\n<p>Si Ud. solicita informaci\u00f3n adicional de un servicio desde el sitio web de Cefampa, la informaci\u00f3n que Ud. suministre se tratar\u00e1 de la siguiente manera:<\/p>\n\n\n\n<p>Para solicitar informaci\u00f3n: Si Ud. realiza una solicitud desde el sitio web de Cefampa (por ejemplo, un servicio educacional, cursos disponibles, asistencia o un determinado material de nuestra instituci\u00f3n), Cefampa utilizar\u00e1 la informaci\u00f3n que usted provea para tramitar dicha solicitud. En relaci\u00f3n con una operaci\u00f3n, tambi\u00e9n puede Cefampa ponerse en contacto con usted para realizar encuestas de satisfacci\u00f3n de los clientes o para realizar estudios de satisfacci\u00f3n y env\u00edo de informaci\u00f3n peri\u00f3dica de nuestros servicios educacionales disponibles.<\/p>\n\n\n\n<p>Divulgaci\u00f3n Requerida por la Ley: Tenga en cuenta que, bajo determinadas circunstancias, es posible que sus datos personales deban divulgarse debido a citaciones, mandamientos u \u00f3rdenes judiciales o gubernamentales.<\/p>\n\n\n\n<p>Preguntas sobre la Privacidad: Si tiene alguna consulta acerca de esta declaraci\u00f3n, puede enviarla por correo electr\u00f3nico al email: <a href=\"mailto:cefampa@fpj.cl\">cefampa@fpj.cl<\/a><\/p>\n\n\n\n<p>Seguridad: Cefampa protege la informaci\u00f3n que nos proporcione. Para evitar el acceso o la divulgaci\u00f3n no autorizados, mantener la precisi\u00f3n de los datos y asegurar el uso adecuado de la informaci\u00f3n, Cefampa estableci\u00f3 una serie de procedimientos administrativos para salvaguardar la informaci\u00f3n que recopile.<\/p>\n\n\n\n<p><\/p>\n","protected":false},"excerpt":{"rendered":"<p>Cefampa est\u00e1 comprometida con el respeto y la protecci\u00f3n de su privacidad. Cefampa, pretende que Ud. conozca nuestra pol\u00edtica y &hellip; <\/p>\n","protected":false},"author":1,"featured_media":0,"parent":0,"menu_order":0,"comment_status":"closed","ping_status":"closed","template":"","meta":{"footnotes":""},"class_list":["post-3031","page","type-page","status-publish","hentry"],"_links":{"self":[{"href":"https:\/\/cefampa.cl\/2020\/wp-json\/wp\/v2\/pages\/3031","targetHints":{"allow":["GET"]}}],"collection":[{"href":"https:\/\/cefampa.cl\/2020\/wp-json\/wp\/v2\/pages"}],"about":[{"href":"https:\/\/cefampa.cl\/2020\/wp-json\/wp\/v2\/types\/page"}],"author":[{"embeddable":true,"href":"https:\/\/cefampa.cl\/2020\/wp-json\/wp\/v2\/users\/1"}],"replies":[{"embeddable":true,"href":"https:\/\/cefampa.cl\/2020\/wp-json\/wp\/v2\/comments?post=3031"}],"version-history":[{"count":1,"href":"https:\/\/cefampa.cl\/2020\/wp-json\/wp\/v2\/pages\/3031\/revisions"}],"predecessor-version":[{"id":3032,"href":"https:\/\/cefampa.cl\/2020\/wp-json\/wp\/v2\/pages\/3031\/revisions\/3032"}],"wp:attachment":[{"href":"https:\/\/cefampa.cl\/2020\/wp-json\/wp\/v2\/media?parent=3031"}],"curies":[{"name":"wp","href":"https:\/\/api.w.org\/{rel}","templated":true}]}}